0500. Give t(-27).
-7
Let m(s) = -2*s**3 + 37*s**2 - 52*s + 11. Determine m(17).
-6
Let b(i) = i**2 + 166*i + 6696. Calculate b(-69).
3
Let t(d) = -31*d**2 + 43*d + 1. Give t(2).
-37
Let i(l) = -8*l**2 + 56*l - 83. What is i(2)?
-3
Let t(l) = 3*l**2 + 5*l - 127. Calculate t(8).
105
Let s(p) = -11*p**3 + 295*p**2 - 224*p - 267. Give s(26).
-7
Let s(w) = -2*w**3 + 30*w**2 + w - 10. Calculate s(15).
5
Let b(u) = -69*u + 119. Determine b(0).
119
Let q(a) = 7*a**2 + 18*a - 28. What is q(-4)?
12
Let y(r) = -11987*r - 23964. Calculate y(-2).
10
Let g(h) = -h + 10. Determine g(25).
-15
Let n(u) = -211*u + 875. Determine n(2).
453
Let t(k) = -67*k - 220. Calculate t(-3).
-19
Let o(f) = -3*f**3 + 28*f**2 - 8*f + 2. Calculate o(9).
11
Let o(y) = y**2 + 261*y + 792. What is o(-3)?
18
Let p(n) = 5*n**3 - 39*n**2 + 9*n - 140. Determine p(8).
-4
Let g(a) = a**3 + 52*a**2 + 576*a - 19. Determine g(-36).
-19
Let v(l) = 12*l + 431. Determine v(-33).
35
Let b(w) = -2*w**3 + 79*w**2 - 112*w - 74. What is b(38)?
2
Let k(x) = -95*x + 584. Determine k(6).
14
Let r(c) = 190*c**2 + 4*c + 2. Calculate r(1).
196
Let u(b) = 35*b**3 + 6*b**2 - 4*b - 2. Give u(1).
35
Let z(r) = -5*r**3 - 18*r - 75. Calculate z(-4).
317
Let o(t) = -14*t + 107. Calculate o(6).
23
Let k(p) = -p**3 + 4*p**2 - 4*p + 441. What is k(9)?
0
Let d(g) = -38*g - 596. Give d(-16).
12
Let o(a) = -2*a**2 - 1159*a - 26663. Determine o(-24).
1
Let x(h) = -10*h**3 - 2*h**2 + 4*h - 3. What is x(1)?
-11
Let v(r) = -258*r + 1779. Calculate v(6).
231
Let o(j) = -j**3 - 38*j**2 + 74*j - 253. Determine o(-40).
-13
Let s(m) = -48*m + 925. Determine s(24).
-227
Let p(o) = -28*o + 2629. Determine p(93).
25
Let o(k) = -4*k**2 + 8*k + 398. What is o(-8)?
78
Let s(g) = 496*g**3 + 26*g**2 + g - 2. Determine s(1).
521
Let r(l) = -8*l - 162. Give r(-25).
38
Let z(b) = 10*b**2 - 26*b - 265. Give z(8).
167
Let k(w) = -w**2 + 6*w - 124. Calculate k(12).
-196
Let h(i) = -3*i**3 + 50*i**2 - 41*i + 144. Determine h(16).
0
Let v(j) = -j**3 + 15*j**2 - 39*j - 21. Determine v(12).
-57
Let t(i) = -478*i + 27721. What is t(58)?
-3
Let b(x) = -5848*x - 157902. Determine b(-27).
-6
Let c(p) = 11*p**2 + 17*p + 65. Calculate c(-5).
255
Let q(g) = 11*g**2 + 64*g + 3. Give q(-4).
-77
Let t(m) = m**3 + 40*m**2 - 866*m + 616. What is t(15)?
1
Let q(r) = 9*r**3 + 30*r**2 - 5. Determine q(-2).
43
Let x(n) = n**2 + 46*n - 315. Calculate x(-51).
-60
Let k(c) = c**2 - 20*c + 1. Determine k(18).
-35
Let b(i) = 3519*i - 14082. What is b(4)?
-6
Let s(l) = l**3 + 11*l**2 - 9*l - 27. Determine s(-11).
72
Let p(g) = 2*g**3 - 5*g**2 - 19*g + 40. Determine p(5).
70
Let z(q) = -22*q**2 - 10*q - 11. Determine z(-3).
-179
Let d(h) = -37*h - 17. Give d(-3).
94
Let u(v) = -3*v - 86. Determine u(-15).
-41
Let d(v) = 2*v**2 + 34*v - 4967. Give d(42).
-11
Let v(u) = u**3 + 47*u**2 - 68*u - 253. Give v(-48).
707
Let g(n) = -27*n + 558. Determine g(47).
-711
Let u(p) = 21*p + 326. Give u(-35).
-409
Let d(f) = 147*f - 932. Determine d(6).
-50
Let r(d) = 2*d**3 + 51*d**2 + 18*d - 153. Give r(-25).
22
Let b(k) = -33*k**3 + 198*k**2 + 4*k - 26. What is b(6)?
-2
Let w(y) = -2*y**2 + 55*y + 162. Calculate w(30).
12
Let i(j) = 17*j**3 + 168*j**2 - 7*j + 122. Give i(-10).
-8
Let s(b) = -385*b + 748. Give s(2).
-22
Let g(h) = 2*h**3 - 24*h**2 - 23*h - 3. Calculate g(13).
36
Let q(b) = 9*b - 271. Give q(14).
-145
Let l(y) = 4*y + 59. Give l(-12).
11
Let j(m) = 44*m + 773. Calculate j(-14).
157
Let p(j) = 126*j + 123. Calculate p(-6).
-633
Let u(y) = -y**2 - 7*y + 155. Calculate u(-22).
-175
Let f(v) = 10*v**3 + 5*v - 8. Give f(2).
82
Let r(u) = u**3 + 4*u**2 + 164*u + 480. Calculate r(-3).
-3
Let k(t) = -3*t**3 + 20*t**2 + 22*t + 3. Give k(7).
108
Let z(c) = 35*c + 546. Give z(-13).
91
Let q(p) = 38*p + 9. What is q(3)?
123
Let m(h) = 193*h + 91. Calculate m(1).
284
Let c(q) = -q**3 + 14*q**2 - 24*q - 13. What is c(13)?
-156
Let a(m) = 2*m**3 + 20*m**2 + 33*m + 542. Determine a(-12).
-430
Let s(v) = -v**3 + 35*v**2 + 573*v - 7. What is s(-12)?
-115
Let k(n) = -337*n - 43. Determine k(1).
-380
Let n(b) = b**3 + 35*b**2 - 1336*b + 58. Determine n(23).
12
Let v(q) = q**3 + 56*q**2 + 58*q + 155. Calculate v(-55).
-10
Let s(f) = 483*f + 1492. Calculate s(-3).
43
Let v(r) = -r**3 - 13*r**2 - 28*r + 20. Give v(-10).
0
Let h(o) = -o**3 + 353*o**2 + 3630*o - 7. Determine h(-10).
-7
Let q(g) = -g**2 + 88*g - 147. Give q(86).
25
Let q(d) = d**3 + 28*d**2 - 100*d - 49. Give q(-31).
168
Let d(b) = -110*b**2 + 340*b - 13. Determine d(3).
17
Let d(n) = n**2 - 178*n + 2918. Determine d(18).
38
Let z(n) = n**2 + 30*n + 16. Calculate z(-8).
-160
Let p(k) = -k**2 - 16*k + 469. Determine p(15).
4
Let d(v) = -1391*v - 2792. What is d(-2)?
-10
Let q(y) = 123*y - 973. Determine q(8).
11
Let g(f) = f**2 + 2*f + 90. What is g(-10)?
170
Let t(r) = 208*r - 862. Determine t(4).
-30
Let p(s) = s**3 - 52*s**2 + 208*s - 92. What is p(48)?
676
Let x(o) = o**3 + 9*o**2 + 19*o + 54. Calculate x(-7).
19
Let r(q) = 2*q**3 - 36*q**2 + 46*q - 24. Calculate r(17).
180
Let i(c) = 259*c - 5. Calculate i(0).
-5
Let x(a) = -2*a**3 + 79*a**2 + 38*a + 74. Calculate x(40).
-6
Let j(b) = b**3 - 42*b**2 + 74*b - 1310. Determine j(41).
43
Let p(a) = -140*a + 188. What is p(2)?
-92
Let y(p) = -2*p**2 + 5*p + 54. Give y(-6).
-48
Let n(u) = 61*u - 1277. What is n(21)?
4
Let a(k) = -2*k**3 - 10*k**2 + 27*k + 129. What is a(-4)?
-11
Let w(a) = 7014*a + 14002. Determine w(-2).
-26
Let g(t) = 69*t - 6884. What is g(100)?
16
Let i(j) = j**2 - 977*j - 18933. Give i(-19).
-9
Let r(b) = -290*b - 4631. Calculate r(-16).
9
Let i(g) = g**2 + 21*g + 90. What is i(-11)?
-20
Let v(w) = 1697*w - 15271. Give v(9).
2
Let b(c) = 6*c**3 - 15*c**2 + 12*c + 1. Calculate b(1).
4
Let r(l) = -61*l**3 + 7*l**2 - 2*l + 3. What is r(1)?
-53
Let a(s) = s**2 - 21*s + 10. Give a(16).
-70
Let x(k) = -k + 16. Calculate x(-55).
71
Let c(v) = 1176*v - 4711. Calculate c(4).
-7
Let i(m) = -23*m**2 + 872*m - 776. Give i(37).
1
Let s(l) = -l**2 - 30*l - 111. What is s(-5)?
14
Let l(a) = -35*a**2 - 163*a + 5. Calculate l(-5).
-55
Let o(b) = -192*b - 197. What is o(-1)?
-5
Let x(j) = j**3 + 34*j**2 + 35*j - 57. Give x(-32).
871
Let w(c) = c**3 - c**2 - 30*c - 7. Give w(0).
-7
Let n(z) = -871*z + 1752. What is n(2)?
10
Let n(r) = r**3 - 10*r**2 - 21*r + 92. What is n(11)?
-18
Let v(r) = -r**3 + 102*r**2 + 210*r - 219. Give v(104).
-11
Let b(l) = -9*l**3 + 13*l - 27. Determine b(3).
-231
Let b(i) = 48*i + 602. Determine b(-14).
-70
Let t(f) = -48*f + 63. Give t(3).
-81
Let s(h) = 6*h**2 - 501*h + 265. Determine s(83).
16
Let n(g) = -g**2 + 78*g - 1372. Determine n(27).
5
Let h(a) = -8*a**2 + 35*a + 1. Determine h(5).
-24
Let o(h) = -3*h**2 - 23*h - 29. Determine o(-8).
-37
Let a(v) = 2*v**3 - 138*v**2 - 6*v + 517. Calculate a(69).
103
Let l(v) = -v**3 + 13*v**2 + 51*v - 656. Calculate l(13).
7
Let i(l) = 3*l**3 + 261*l**2 - 4*l + 59. Calculate i(-87).
407
Let t(g) = -53*g + 1073. Calculate t(21).
-40
Let x(t) = -7*t**2 - 101*t - 255. Give x(-3).
-15
Let c(b) = -b**3 + 15*b**2 - 28*b - 19. Determine c(12).
77
Let h(o) = o**3 - 46*o**2 - 140*o - 340. What is h(49)?
3
Let f(g) = g**2 - 26*g - 89. Determine f(25).
-114
Let j(w) = -146*w - 129. Calculate j(1).
-275
Let g(h) = -67*h - 4102. Calculate g(-61).
-15
Let r(f) = -f**3 + 9*f**2 - 15*f + 9. Determine r(5).
34
Let c(q) = -q**3 + 26*q**2 - 27*q + 59. Give c(25).
9
Let h(m) = -m**3 + 4*m**2 + 53*m - 445. What is h(8)?
-277
Let k(n) = -1187*n - 17803. Determine k(-15).
2
Let z(j) = -7*j - 157. Give z(-28).
39
Let z(q) = -26*q**3 - 5431*q**2 + 625*q - 428. What is z(-209)?
-10
Let z(h) = -35*h**2 + 135*h + 441. Determine z(6).
-9
Let a(d) = -2*d**3 - 100*d**2 - 280*d + 91. Give a(-47).
-3
Let w(i) = -i**2 - 27*i + 1293. Determine w(25).
-7
Let u(f) = f + 380. What is u(8)?
388
Let t(i) = -i**3 - 20*i**2 + 82*i + 176. Determine t(-23).
-123
Let l(u) = -u**2 - 22*u + 224. Calculate l(-29).
21
Let z(p) = -53*p**2 + 247*p - 247. What is z(1)?
-53
Let g(w) = 36*w**2 + 2377*w + 90. Determine g(-66).
24
Let x(f) = f**3 - 12*f**2 - 8*f + 316. What is x(9)?
1
Let u(f) = -f**3 + 18*f**2 + 64*f - 18. Give u(21).
3
Let c(y) = 2*y**3 + 20*y**2 - 23*y - 70. Determine c(-11).
-59
Let n(r) = -r**2 + 11*r - 72. Calculate n(13).
